{"id":3778,"date":"2022-04-06T11:43:29","date_gmt":"2022-04-06T11:43:29","guid":{"rendered":"https:\/\/sommerlearning.com\/store\/product\/si-solo-pudiera-ser\/"},"modified":"2023-07-19T19:26:33","modified_gmt":"2023-07-19T19:26:33","slug":"si-solo-pudiera-ser","status":"publish","type":"product","link":"https:\/\/sommerlearning.com\/store\/product\/si-solo-pudiera-ser\/","title":{"rendered":"Si s\u00f3lo pudiera ser\u2026"},"content":{"rendered":"","protected":false},"excerpt":{"rendered":"<p>Missy, la ratoncita tiene un gran problema: \u00a1odia la forma en que luce! Como Missy desea convertirse en criaturas m\u00e1s grandes y m\u00e1s fuertes, finalmente descubre que todos tienen problemas y aprende a aceptarse a s\u00ed misma por lo que es.<\/p>\n","protected":false},"featured_media":3779,"comment_status":"open","ping_status":"closed","template":"","meta":{"_acf_changed":false},"product_cat":[413,412],"product_tag":[],"acf":[],"_links":{"self":[{"href":"https:\/\/sommerlearning.com\/store\/wp-json\/wp\/v2\/product\/3778"}],"collection":[{"href":"https:\/\/sommerlearning.com\/store\/wp-json\/wp\/v2\/product"}],"about":[{"href":"https:\/\/sommerlearning.com\/store\/wp-json\/wp\/v2\/types\/product"}],"replies":[{"embeddable":true,"href":"https:\/\/sommerlearning.com\/store\/wp-json\/wp\/v2\/comments?post=3778"}],"wp:featuredmedia":[{"embeddable":true,"href":"https:\/\/sommerlearning.com\/store\/wp-json\/wp\/v2\/media\/3779"}],"wp:attachment":[{"href":"https:\/\/sommerlearning.com\/store\/wp-json\/wp\/v2\/media?parent=3778"}],"wp:term":[{"taxonomy":"product_cat","embeddable":true,"href":"https:\/\/sommerlearning.com\/store\/wp-json\/wp\/v2\/product_cat?post=3778"},{"taxonomy":"product_tag","embeddable":true,"href":"https:\/\/sommerlearning.com\/store\/wp-json\/wp\/v2\/product_tag?post=3778"}],"curies":[{"name":"wp","href":"https:\/\/api.w.org\/{rel}","templated":true}]}}