{"id":3713,"date":"2022-04-05T09:58:31","date_gmt":"2022-04-05T09:58:31","guid":{"rendered":"https:\/\/sommerlearning.com\/store\/product\/no-es-justo-2\/"},"modified":"2023-07-19T19:27:02","modified_gmt":"2023-07-19T19:27:02","slug":"no-es-justo-2","status":"publish","type":"product","link":"https:\/\/sommerlearning.com\/store\/product\/no-es-justo-2\/","title":{"rendered":"\u00a1No es justo!"},"content":{"rendered":"","protected":false},"excerpt":{"rendered":"<p>&#8220;\u00a1No es justo!&#8221;, Grit\u00f3 Buzzie, la abeja, cuando accidentalmente descubre de que las abejas obreras hacen TODO el trabajo. Antes de este incidente Buzzie era una abeja trabajadora feliz, \u00a1pero ahora est\u00e1 furiosa! Ella comienza una revuelta importante entre las abejas obreras m\u00e1s j\u00f3venes. Luego hacen un descubrimiento que las transforma.<\/p>\n","protected":false},"featured_media":3714,"comment_status":"open","ping_status":"closed","template":"","meta":{"_acf_changed":false},"product_cat":[413,412],"product_tag":[],"acf":[],"_links":{"self":[{"href":"https:\/\/sommerlearning.com\/store\/wp-json\/wp\/v2\/product\/3713"}],"collection":[{"href":"https:\/\/sommerlearning.com\/store\/wp-json\/wp\/v2\/product"}],"about":[{"href":"https:\/\/sommerlearning.com\/store\/wp-json\/wp\/v2\/types\/product"}],"replies":[{"embeddable":true,"href":"https:\/\/sommerlearning.com\/store\/wp-json\/wp\/v2\/comments?post=3713"}],"wp:featuredmedia":[{"embeddable":true,"href":"https:\/\/sommerlearning.com\/store\/wp-json\/wp\/v2\/media\/3714"}],"wp:attachment":[{"href":"https:\/\/sommerlearning.com\/store\/wp-json\/wp\/v2\/media?parent=3713"}],"wp:term":[{"taxonomy":"product_cat","embeddable":true,"href":"https:\/\/sommerlearning.com\/store\/wp-json\/wp\/v2\/product_cat?post=3713"},{"taxonomy":"product_tag","embeddable":true,"href":"https:\/\/sommerlearning.com\/store\/wp-json\/wp\/v2\/product_tag?post=3713"}],"curies":[{"name":"wp","href":"https:\/\/api.w.org\/{rel}","templated":true}]}}