{"id":3705,"date":"2022-04-05T09:35:03","date_gmt":"2022-04-05T09:35:03","guid":{"rendered":"https:\/\/sommerlearning.com\/store\/product\/los-tres-cerditos\/"},"modified":"2023-07-19T19:35:34","modified_gmt":"2023-07-19T19:35:34","slug":"los-tres-cerditos","status":"publish","type":"product","link":"https:\/\/sommerlearning.com\/store\/product\/los-tres-cerditos\/","title":{"rendered":"Los tres cerditos"},"content":{"rendered":"","protected":false},"excerpt":{"rendered":"<p>Los tres cerditos fueron advertidos por sus padres para que construyan casas fuertes. Hardy construy\u00f3 una casa fuerte, pero Dozey y Pokey construyeron casas destartaladas. Despu\u00e9s de escaparse por poco del lobo, Dozey y Pokey tienen un dram\u00e1tico cambio de opini\u00f3n.<\/p>\n","protected":false},"featured_media":3706,"comment_status":"open","ping_status":"closed","template":"","meta":{"_acf_changed":false},"product_cat":[413,412],"product_tag":[],"acf":[],"_links":{"self":[{"href":"https:\/\/sommerlearning.com\/store\/wp-json\/wp\/v2\/product\/3705"}],"collection":[{"href":"https:\/\/sommerlearning.com\/store\/wp-json\/wp\/v2\/product"}],"about":[{"href":"https:\/\/sommerlearning.com\/store\/wp-json\/wp\/v2\/types\/product"}],"replies":[{"embeddable":true,"href":"https:\/\/sommerlearning.com\/store\/wp-json\/wp\/v2\/comments?post=3705"}],"wp:featuredmedia":[{"embeddable":true,"href":"https:\/\/sommerlearning.com\/store\/wp-json\/wp\/v2\/media\/3706"}],"wp:attachment":[{"href":"https:\/\/sommerlearning.com\/store\/wp-json\/wp\/v2\/media?parent=3705"}],"wp:term":[{"taxonomy":"product_cat","embeddable":true,"href":"https:\/\/sommerlearning.com\/store\/wp-json\/wp\/v2\/product_cat?post=3705"},{"taxonomy":"product_tag","embeddable":true,"href":"https:\/\/sommerlearning.com\/store\/wp-json\/wp\/v2\/product_tag?post=3705"}],"curies":[{"name":"wp","href":"https:\/\/api.w.org\/{rel}","templated":true}]}}