{"id":3637,"date":"2022-04-05T03:59:39","date_gmt":"2022-04-05T03:59:39","guid":{"rendered":"https:\/\/sommerlearning.com\/store\/product\/el-que-se-mueva-pierde\/"},"modified":"2023-07-19T19:36:44","modified_gmt":"2023-07-19T19:36:44","slug":"el-que-se-mueva-pierde","status":"publish","type":"product","link":"https:\/\/sommerlearning.com\/store\/product\/el-que-se-mueva-pierde\/","title":{"rendered":"El que se mueva, pierde"},"content":{"rendered":"","protected":false},"excerpt":{"rendered":"<p>Los osos Stubby y Prissy no parecen estar de acuerdo en nada. Despu\u00e9s de jugar un juego de &#8220;Si te mueves, pierdes&#8221;, dos mapaches ladrones les ense\u00f1an a los cachorros una lecci\u00f3n que nunca olvidar\u00e1n: la locura de la obstinaci\u00f3n y la importancia de la amistad.<\/p>\n","protected":false},"featured_media":3638,"comment_status":"open","ping_status":"closed","template":"","meta":{"_acf_changed":false},"product_cat":[413,412],"product_tag":[],"acf":[],"_links":{"self":[{"href":"https:\/\/sommerlearning.com\/store\/wp-json\/wp\/v2\/product\/3637"}],"collection":[{"href":"https:\/\/sommerlearning.com\/store\/wp-json\/wp\/v2\/product"}],"about":[{"href":"https:\/\/sommerlearning.com\/store\/wp-json\/wp\/v2\/types\/product"}],"replies":[{"embeddable":true,"href":"https:\/\/sommerlearning.com\/store\/wp-json\/wp\/v2\/comments?post=3637"}],"wp:featuredmedia":[{"embeddable":true,"href":"https:\/\/sommerlearning.com\/store\/wp-json\/wp\/v2\/media\/3638"}],"wp:attachment":[{"href":"https:\/\/sommerlearning.com\/store\/wp-json\/wp\/v2\/media?parent=3637"}],"wp:term":[{"taxonomy":"product_cat","embeddable":true,"href":"https:\/\/sommerlearning.com\/store\/wp-json\/wp\/v2\/product_cat?post=3637"},{"taxonomy":"product_tag","embeddable":true,"href":"https:\/\/sommerlearning.com\/store\/wp-json\/wp\/v2\/product_tag?post=3637"}],"curies":[{"name":"wp","href":"https:\/\/api.w.org\/{rel}","templated":true}]}}