{"id":3563,"date":"2022-04-04T12:43:35","date_gmt":"2022-04-04T12:43:35","guid":{"rendered":"https:\/\/sommerlearning.com\/store\/product\/alcalde-por-un-dia\/"},"modified":"2023-07-19T19:29:03","modified_gmt":"2023-07-19T19:29:03","slug":"alcalde-por-un-dia","status":"publish","type":"product","link":"https:\/\/sommerlearning.com\/store\/product\/alcalde-por-un-dia\/","title":{"rendered":"Alcalde por un d\u00eda"},"content":{"rendered":"","protected":false},"excerpt":{"rendered":"<p>Davy, el h\u00e9roe de f\u00fatbol de su ciudad natal, se convierte en alcalde por un d\u00eda. Davy elige eliminar todas las reglas por un d\u00eda. Lo que sigue es un giro desastroso de eventos cuando el orden en la escuela y la ciudad entera se derrumba. Pero Davy finalmente salva el d\u00eda.<\/p>\n","protected":false},"featured_media":3564,"comment_status":"open","ping_status":"closed","template":"","meta":{"_acf_changed":false},"product_cat":[413,412],"product_tag":[],"acf":[],"_links":{"self":[{"href":"https:\/\/sommerlearning.com\/store\/wp-json\/wp\/v2\/product\/3563"}],"collection":[{"href":"https:\/\/sommerlearning.com\/store\/wp-json\/wp\/v2\/product"}],"about":[{"href":"https:\/\/sommerlearning.com\/store\/wp-json\/wp\/v2\/types\/product"}],"replies":[{"embeddable":true,"href":"https:\/\/sommerlearning.com\/store\/wp-json\/wp\/v2\/comments?post=3563"}],"wp:featuredmedia":[{"embeddable":true,"href":"https:\/\/sommerlearning.com\/store\/wp-json\/wp\/v2\/media\/3564"}],"wp:attachment":[{"href":"https:\/\/sommerlearning.com\/store\/wp-json\/wp\/v2\/media?parent=3563"}],"wp:term":[{"taxonomy":"product_cat","embeddable":true,"href":"https:\/\/sommerlearning.com\/store\/wp-json\/wp\/v2\/product_cat?post=3563"},{"taxonomy":"product_tag","embeddable":true,"href":"https:\/\/sommerlearning.com\/store\/wp-json\/wp\/v2\/product_tag?post=3563"}],"curies":[{"name":"wp","href":"https:\/\/api.w.org\/{rel}","templated":true}]}}